is 7 + 672c?
6735
In base 2, what is -111000101011010 + 10111?
-111000101000011
In base 3, what is 20001102 - 11110?
12212222
In base 15, what is 3 - 7035?
-7032
In base 2, what is -110110 - -11010101010?
11001110100
In base 13, what is -659 - -6bb?
62
In base 14, what is cbc - 0?
cbc
In base 15, what is -33 - -cbd?
c8a
In base 6, what is -4305 - 52445?
-101154
In base 14, what is 0 + 35ad7?
35ad7
In base 16, what is -ab7f2 - -5?
-ab7ed
In base 16, what is -3 - -108cb?
108c8
In base 14, what is 4b6 + -a?
4aa
In base 7, what is -5 + 133160?
133152
In base 11, what is 1 - -162524?
162525
In base 2, what is -10000010111000101 + -11010?
-10000010111011111
In base 5, what is -21 - 33413?
-33434
In base 15, what is -33192 - 3?
-33195
In base 15, what is 31 - 5e2?
-5b1
In base 3, what is -1101 + 1000221?
222120
In base 13, what is -1403 - 42?
-1445
In base 15, what is -b6b1 - -3?
-b6ad
In base 9, what is -1 + -3715?
-3716
In base 13, what is -4 - -151?
14a
In base 4, what is -12102321 + -22?
-12103003
In base 5, what is 10324344 - 3?
10324341
In base 8, what is 2 - 37157?
-37155
In base 3, what is -111 + -201220?
-202101
In base 15, what is 3 + -1221?
-121d
In base 16, what is 0 - a721?
-a721
In base 9, what is -4 - -16074?
16070
In base 11, what is -3469 - -1407?
-2062
In base 4, what is 23122 - -303?
30031
In base 2, what is 1001101101011 - 1011100001?
1000010001010
In base 10, what is -19165 + 1?
-19164
In base 11, what is -11 - -45938?
45927
In base 3, what is -10 + -1000202122?
-1000202202
In base 10, what is 3 + 35675?
35678
In base 5, what is 2331203 + 101?
2331304
In base 14, what is 6 + -dc670?
-dc668
In base 4, what is 1030020 + -2?
1030012
In base 14, what is -7d - 1c3?
-262
In base 2, what is 100111111000 + -10100111001?
10010111111
In base 10, what is 3 - 28642?
-28639
In base 11, what is 94398 - -10?
943a8
In base 16, what is 151a + 6?
1520
In base 10, what is -9 + -57779?
-57788
In base 16, what is 2d2 + -f?
2c3
In base 10, what is -9 + 4014?
4005
In base 4, what is -12213 + 23311?
11032
In base 9, what is 231768 + 1?
231770
In base 14, what is -9247 + -1?
-9248
In base 6, what is -1222553 + -10?
-1223003
In base 12, what is -b067 - 2?
-b069
In base 15, what is -5 - -63819?
63814
In base 6, what is 10251155 - 11?
10251144
In base 10, what is 33 + 104398?
104431
In base 3, what is -202002 + 120111?
-11121
In base 7, what is 3 + -1644522?
-1644516
In base 10, what is -523 - -70?
-453
In base 13, what is -2 - -29acc?
29aca
In base 5, what is -23 - 143031?
-143104
In base 9, what is -48783 + 3?
-48780
In base 15, what is -80c + -527?
-d34
In base 6, what is 422 - 12521?
-12055
In base 12, what is -9835 + 4?
-9831
In base 8, what is 51303 - -3?
51306
In base 12, what is 5 - 6234?
-622b
In base 16, what is -37f + 171?
-20e
In base 15, what is 1e + 3c4?
3e3
In base 13, what is -521 - 562?
-a83
In base 16, what is -26 + a5d?
a37
In base 5, what is -3 + -23334?
-23342
In base 7, what is -2 + -1240060?
-1240062
In base 13, what is -82b6c + 1?
-82b6b
In base 13, what is 2979a + -1?
29799
In base 9, what is 112338 + 0?
112338
In base 8, what is 60627 - 2?
60625
In base 9, what is -4 + -886061?
-886065
In base 6, what is 1313234 + 10?
1313244
In base 8, what is 7 - -25050?
25057
In base 2, what is -11100111010010110 + -11?
-11100111010011001
In base 10, what is -17675 + 52?
-17623
In base 14, what is ca7 - 75?
c32
In base 4, what is -1013 - -13011132?
13010113
In base 5, what is 2 - -241423002?
241423004
In base 15, what is 2b - 1a67?
-1a3b
In base 14, what is 5a625 - -5?
5a62a
In base 16, what is -15 - -8f86?
8f71
In base 10, what is -807 - -226?
-581
In base 11, what is -3 + -103a7?
-103aa
In base 15, what is 1cb - -38?
214
In base 2, what is 1110001 - 1100000010?
-1010010001
In base 15, what is 4 - 20590?
-2058b
In base 12, what is b + -2297?
-2288
In base 4, what is 220211002 + 10?
220211012
In base 2, what is 111101110101011 - -101?
111101110110000
In base 3, what is 11 - -12000220202?
12000220220
In base 14, what is -d - 2d8?
-307
In base 13, what is 0 + 35418c?
35418c
In base 8, what is -552 - 16?
-570
In base 11, what is 1631 - 66?
1576
In base 5, what is 0 + 204420?
204420
In base 11, what is 0 - -6246a?
6246a
In base 12, what is 2635a - -14?
26372
In base 12, what is 1 - 12a46?
-12a45
In base 11, what is -77435 + 11?
-77424
In base 2, what is -1010100100101100011 - 10?
-1010100100101100101
In base 12, what is 889 - 2?
887
In base 10, what is -208484 + -3?
-208487
In base 3, what is 110 + -2222221010?
-2222220200
In base 2, what is 1111010011101 + 1011?
1111010101000
In base 3, what is -12111 + 1022202202?
1022120021
In base 14, what is -b6b - -6d1?
-47a
In base 14, what is -65 - -cc?
67
In base 16, what is 11910 - -5?
11915
In base 12, what is -a60 - -1b?
-a41
In base 7, what is 1 + 312630?
312631
In base 4, what is 112113220 - 11?
112113203
In base 8, what is -17277155 + -4?
-17277161
In base 12, what is 5 - 106a4b?
-106a46
In base 7, what is -2300 + 203?
-2064
In base 10, what is -13 + 837?
824
In base 7, what is -161 - -53?
-105
In base 16, what is -3736 - 5?
-373b
In base 12, what is -1 - 155b5?
-155b6
In base 3, what is 20022201100 + -102?
20022200221
In base 12, what is -17 + -9249b?
-924b6
In base 8, what is -17 + -1466?
-1505
In base 7, what is 4 - -5466?
5503
In base 14, what is a29 - -d88?
19b3
In base 2, what is -1001111 - 111011101010?
-111100111001
In base 3, what is 101 + -1000112222?
-1000112121
In base 10, what is -204 - 96?
-300
In base 3, what is -11 + -20021110120?
-20021110201
In base 3, what is -2021021 + 121?
-2020200
In base 2, what is 101 - -1000100100?
1000101001
In base 11, what is 1 + -11103?
-11102
In base 9, what is -6 + 325525?
325518
In base 8, what is 1 - 1246224?
-1246223
In base 10, what is 1783421 - -1?
1783422
In base 2, what is -101 + -11110111110010110111?
-11110111110010111100
In base 15, what is -176 + 20?
-156
In base 4, what is -33 + -110223203?
-110223302
In base 4, what is -313103 + 113?
-312330
In base 8, what is 1 - 130506?
-130505
In base 15, what is 39 - 40e?
-3c5
In base 3, what is 120212100 - 122?
120211201
In base 4, what is 2 + 1221211?
1221213
In base 16, what is 5 + 196b3?
196b8
In base 2, what is -1101 - -1010000100111101?
1010000100110000
In base 9, what is 165 + -2575?
-2410
In base 2, what is -10 + 110011010110101?
110011010110011
In base 14, what is 4 - 8842?
-883c
In base 12, what is 20634 + 5?
20639
In base 14, what is -c6 - -42a2?
41ba
In base 8, what is 12564 - -14?
12600
In base 3, what is 1001110102 - 121?
1001102211
In base 15, what is -ee - -343?
244
In base 3, what is 122 + 22222122?
100000021
In base 11, what is -2345 + 210?
-2135
In base 11, what is -14a + 2028?
1989
In base 12, what is 49 + -1a85?
-1a38
In base 4, what is 102000 - -3033?
111033
In base 2, what is -11111010 - 1010?
-100000100
In base 13, what is -224a + b?
-223c
In base 16, what is 0 - 2ae6?
-2ae6
In base 6, what is 2525324 - 0?
2525324
In base 5, what is 1 - 43201410?
-43201404
In base 14, what is 239 - -292?
4cb
In base 8, what is 65 + 2553?
2640
In base 16, what is -f86 - -25?
-f61
In base 16, what is -894d - 5?
-8952
In base 2, what is -10011110101 + -110?
-10011111011
In base 6, what is -151 + 152?
1
In base 11, what is -205070 - -1?
-20506a
In base 7, what is 153226143 - 4?
153226136
In base 8, what is 7 - 56421?
-56412
In base 14, what is 5ca + 47?
633
In base 9, what is 54130 - -1?
54131
In base 3, what is 11010201 + 11000?
11021201
In base 15, what is 4778 + 63?
47db
In base 6, what is 15425 + 41?
15510
In base 5, what is -1044333004 - 1?
-1044333010
In base 7, what is -2014620 + 6?
-2014611
In base 9, what is 0 - 108071?
-108071
In base 10, what is -3850 + -8?
-3858
In base 13, what is -42c - 10?
-43c
In base 4, what is -10 + -1310211?
-1310221
In base 3, what is 110001200022120 + -1?
110001200022112
In base 11, what is 4 + -12a61?
-12a58
In base 7, what is 34 + -33655?
-33621
In base 10, what is 1114809 - 3?
1114806
In base 9, what is 335730 + 4?
335734
In base 2, what is 10110001010 + -100?
10110000110
In base 8, what is -1 + -46576?
-46577
In base 10, what is 831 - -727?
1558
In base 15, what is -41 - 1d78?
-1db9
In base 6, what is -32224 + 552?
-31232
In base 9, what is 36317 - 47?
36